at are the prime factors of 17906098?
2, 7, 23, 55609
What are the prime factors of 41953?
41953
List the prime factors of 2876497.
13, 409, 541
What are the prime factors of 771065?
5, 154213
What are the prime factors of 421000?
2, 5, 421
What are the prime factors of 3629337?
3, 1209779
What are the prime factors of 7992522?
2, 3, 444029
List the prime factors of 3582726.
2, 3, 7, 85303
List the prime factors of 987459.
3, 11, 23, 1301
List the prime factors of 26984.
2, 3373
List the prime factors of 7456244.
2, 31, 157, 383
List the prime factors of 2068663.
19, 108877
What are the prime factors of 2712160?
2, 5, 11, 23, 67
List the prime factors of 1329248.
2, 41539
What are the prime factors of 22910618?
2, 19, 181, 3331
List the prime factors of 4941256.
2, 617657
What are the prime factors of 1387249?
271, 5119
What are the prime factors of 4848057?
3, 313, 1721
List the prime factors of 112888.
2, 103, 137
List the prime factors of 7367959.
7367959
What are the prime factors of 99404?
2, 24851
What are the prime factors of 21245742?
2, 3, 7, 168617
What are the prime factors of 31752342?
2, 3, 557, 3167
What are the prime factors of 287941?
29, 9929
What are the prime factors of 78914?
2, 11, 17, 211
What are the prime factors of 4676652?
2, 3, 37, 3511
List the prime factors of 5810838.
2, 3, 11, 17, 5179
List the prime factors of 2149764.
2, 3, 23, 7789
What are the prime factors of 4233135?
3, 5, 43, 6563
List the prime factors of 13092336.
2, 3, 23, 59, 67
What are the prime factors of 333898?
2, 166949
What are the prime factors of 12313262?
2, 13, 31, 15277
List the prime factors of 43138.
2, 21569
What are the prime factors of 4293183?
3, 19, 109, 691
List the prime factors of 409155.
3, 5, 27277
What are the prime factors of 12856683?
3, 7, 612223
List the prime factors of 1800010.
2, 5, 180001
What are the prime factors of 9406647?
3, 1045183
List the prime factors of 32450486.
2, 16225243
List the prime factors of 2903352.
2, 3, 19, 6367
List the prime factors of 1935031.
7, 491, 563
List the prime factors of 217689.
3, 149, 487
List the prime factors of 158934.
2, 3, 26489
List the prime factors of 1499638.
2, 7, 17, 6301
What are the prime factors of 367802?
2, 19, 9679
List the prime factors of 4688415.
3, 5, 34729
List the prime factors of 168522.
2, 3, 28087
What are the prime factors of 11482926?
2, 3, 7, 13, 21031
List the prime factors of 1641689.
7, 234527
List the prime factors of 2745104.
2, 37, 4637
List the prime factors of 1877106.
2, 3, 7, 11, 17, 239
What are the prime factors of 2809787?
2809787
What are the prime factors of 2812392?
2, 3, 11, 53, 67
List the prime factors of 1407036.
2, 3, 37, 3169
What are the prime factors of 1433069?
11, 130279
List the prime factors of 4263985.
5, 11, 77527
What are the prime factors of 15428?
2, 7, 19, 29
What are the prime factors of 2768932?
2, 37, 53, 353
List the prime factors of 155491.
7, 97, 229
List the prime factors of 1542414.
2, 3, 257069
List the prime factors of 2399785.
5, 479957
List the prime factors of 6096456.
2, 3, 84673
List the prime factors of 3071286.
2, 3, 170627
List the prime factors of 802117.
821, 977
List the prime factors of 163675.
5, 6547
What are the prime factors of 1351900?
2, 5, 11, 1229
What are the prime factors of 25170031?
521, 48311
List the prime factors of 153479.
23, 6673
What are the prime factors of 274364?
2, 113, 607
List the prime factors of 23609330.
2, 5, 37, 63809
What are the prime factors of 2779950?
2, 3, 5, 43, 431
What are the prime factors of 368692?
2, 92173
What are the prime factors of 3030245?
5, 606049
List the prime factors of 336299.
97, 3467
List the prime factors of 350939.
163, 2153
What are the prime factors of 5292645?
3, 5, 23, 29
List the prime factors of 938367.
3, 41, 2543
What are the prime factors of 25117?
25117
What are the prime factors of 4294388?
2, 7, 153371
List the prime factors of 136113.
3, 59, 769
What are the prime factors of 1445411?
11, 101, 1301
What are the prime factors of 5094494?
2, 2547247
List the prime factors of 977304.
2, 3, 43, 947
What are the prime factors of 1236289?
307, 4027
What are the prime factors of 36858?
2, 3, 6143
List the prime factors of 5776707.
3, 131, 14699
List the prime factors of 3211312.
2, 13, 15439
List the prime factors of 1529253.
3, 11, 19, 271
List the prime factors of 215666.
2, 11, 9803
What are the prime factors of 84753?
3, 43, 73
List the prime factors of 526269.
3, 17, 607
List the prime factors of 4110853.
4110853
What are the prime factors of 4937966?
2, 11, 389, 577
List the prime factors of 4210882.
2, 13, 161957
What are the prime factors of 285528?
2, 3, 11897
What are the prime factors of 382595?
5, 76519
List the prime factors of 382731.
3, 113, 1129
List the prime factors of 9318997.
113, 82469
List the prime factors of 17722862.
2, 419, 21149
List the prime factors of 2305303.
7, 11, 13, 47
List the prime factors of 2666801.
53, 67, 751
What are the prime factors of 5433721?
929, 5849
What are the prime factors of 205992?
2, 3, 2861
What are the prime factors of 15119677?
503, 30059
What are the prime factors of 18311?
18311
What are the prime factors of 174767?
174767
What are the prime factors of 5146937?
17, 277, 1093
What are the prime factors of 1783431?
3, 13, 5081
What are the prime factors of 16163770?
2, 5, 7, 17, 47
List the prime factors of 33371263.
33371263
List the prime factors of 1490851.
317, 4703
List the prime factors of 28433950.
2, 5, 568679
What are the prime factors of 720932?
2, 180233
What are the prime factors of 4047304?
2, 19, 26627
List the prime factors of 8843269.
8843269
What are the prime factors of 132089?
23, 5743
What are the prime factors of 853276?
2, 213319
What are the prime factors of 1354979?
31, 109, 401
What are the prime factors of 1698421?
79, 21499
What are the prime factors of 540332?
2, 13, 10391
List the prime factors of 822729.
3, 274243
List the prime factors of 48323.
11, 23, 191
List the prime factors of 5750444.
2, 7, 29339
What are the prime factors of 3806053?
1153, 3301
List the prime factors of 118796.
2, 17, 1747
What are the prime factors of 4175369?
11, 379579
What are the prime factors of 7772598?
2, 3, 1777
List the prime factors of 632615.
5, 23, 5501
What are the prime factors of 298118?
2, 149059
List the prime factors of 431069.
17, 25357
What are the prime factors of 7991824?
2, 307, 1627
What are the prime factors of 250801?
17, 14753
What are the prime factors of 10506704?
2, 13, 50513
What are the prime factors of 1283145?
3, 5, 131, 653
What are the prime factors of 1624943?
1624943
List the prime factors of 4114511.
37, 61, 1823
List the prime factors of 179980.
2, 5, 8999
List the prime factors of 7037919.
3, 7, 15959
What are the prime factors of 2930751?
3, 43, 7573
What are the prime factors of 441544?
2, 97, 569
What are the prime factors of 1540425?
3, 5, 19, 23, 47
List the prime factors of 52199.
7, 7457
List the prime factors of 164777.
53, 3109
List the prime factors of 1582103.
53, 29851
What are the prime factors of 379307?
379307
List the prime factors of 540356.
2, 135089
What are the prime factors of 414610?
2, 5, 7, 5923
What are the prime factors of 3684757?
3684757
What are the prime factors of 3101484?
2, 3, 19, 61, 223
List the prime factors of 8605461.
3, 19, 43, 3511
What are the prime factors of 4810679?
733, 6563
List the prime factors of 3008822.
2, 1504411
What are the prime factors of 997332?
2, 3, 7, 31, 383
What are the prime factors of 1051435?
5, 7, 11, 2731
List the prime factors of 196843.
17, 11579
List the prime factors of 383952.
2, 3, 19, 421
List the prime factors of 2700456.
2, 3, 11, 53, 193
What are the prime factors of 583789?
583789
List the prime factors of 40375.
5, 17, 19
List the prime factors of 230653.
230653
List the prime factors of 574954.
2, 23, 29, 431
What are the prime factors of 206206?
2, 7, 11, 13, 103
List the prime factors of 61852.
2, 7, 47
List the prime factors of 1049657.
7, 113, 1327
List the prime factors of 172607.
172607
What are the prime factors of 17974072?
2, 41, 54799
List the prime factors of 42079386.
2, 3, 17, 61, 6763
What are the prime factors of 5956390?
2, 5, 11, 173, 